is 253304 (base 6) in base 4?
11210020
Convert -3cb (base 13) to base 3.
-220222
6463 (base 8) to base 12
1b57
Convert -56a (base 16) to base 12.
-976
Convert -85b (base 15) to base 16.
-75e
What is 1837 (base 11) in base 5?
33324
What is -7074 (base 8) in base 15?
-112e
What is cf45 (base 16) in base 4?
30331011
What is -1000000111111 (base 2) in base 9?
-5631
Convert -411450 (base 6) to base 10.
-32790
What is -247 (base 9) in base 14?
-109
What is -23054 (base 7) in base 14?
-21d4
What is -135 (base 9) in base 5?
-423
Convert -3a9 (base 13) to base 3.
-212221
-1d9 (base 15) to base 2
-110101101
What is -3dab (base 15) in base 2?
-11001110011011
Convert 4c9 (base 16) to base 11.
a14
What is -4132 (base 6) in base 5?
-12140
What is 11402 (base 5) in base 3?
1011120
What is 15a16 (base 11) in base 15?
6a18
10644 (base 7) to base 15
c1c
What is 12cc (base 14) in base 4?
303310
Convert 473 (base 10) to base 2.
111011001
Convert -2e1 (base 15) to base 3.
-220111
-10100101111111 (base 2) to base 14
-3c2b
Convert 200222020 (base 3) to base 12.
8006
What is -1046 (base 8) in base 4?
-20212
Convert -32212 (base 4) to base 6.
-4154
Convert 33331 (base 5) to base 12.
1431
What is -1226 (base 7) in base 10?
-461
860 (base 9) to base 10
702
110011111101 (base 2) to base 14
12d7
What is 321210 (base 4) in base 9?
5043
Convert -30310 (base 4) to base 5.
-11240
What is 661 (base 7) in base 12?
241
Convert 1317 (base 8) to base 7.
2045
What is 177 (base 9) in base 10?
151
What is 2047 (base 8) in base 15?
4ad
Convert cb89 (base 14) to base 9.
53256
12425 (base 7) to base 10
3302
What is -1011010 (base 4) in base 7?
-15613
What is -1114202 (base 5) in base 9?
-30301
What is -101010101110 (base 2) in base 15?
-c24
What is -3424 (base 5) in base 2?
-111101001
1588 (base 12) to base 15
b52
Convert -2222210122 (base 3) to base 8.
-163030
What is 746 (base 8) in base 13?
2b5
4208 (base 9) to base 8
6016
-432 (base 11) to base 13
-30c
-77 (base 13) to base 11
-8a
15120 (base 9) to base 6
115413
Convert -211002 (base 3) to base 7.
-1511
What is 684 (base 11) in base 12?
582
What is -2424 (base 12) in base 4?
-333130
What is 21a95 (base 12) in base 13?
174a7
Convert 20041 (base 9) to base 12.
7747
Convert 1011000101 (base 2) to base 14.
389
-17476 (base 9) to base 7
-50103
22213 (base 4) to base 14
367
Convert 1100001 (base 2) to base 11.
89
341002 (base 5) to base 12
6b42
What is 3445 (base 8) in base 2?
11100100101
Convert -48335 (base 10) to base 9.
-73265
What is 71c (base 13) in base 9?
1582
Convert -10212213 (base 4) to base 10.
-18855
Convert 220 (base 13) to base 14.
1c0
438 (base 11) to base 16
20d
What is 111400 (base 5) in base 12?
2373
Convert -42b (base 16) to base 6.
-4535
Convert -105b (base 15) to base 8.
-6605
-2234 (base 11) to base 6
-21341
What is 373 (base 14) in base 16?
2b1
1011301 (base 4) to base 16
1171
What is 974 (base 14) in base 16?
74a
Convert -36971 (base 11) to base 9.
-80723
What is 376 (base 11) in base 4?
12332
-1110 (base 6) to base 12
-196
What is -1377 (base 9) in base 8?
-2022
What is -247 (base 10) in base 5?
-1442
Convert 1147 (base 11) to base 3.
2001200
Convert -1314030 (base 5) to base 6.
-321004
Convert -1000010001 (base 2) to base 13.
-319
Convert -11100101 (base 2) to base 7.
-445
-4315 (base 8) to base 3
-10002110
Convert 14 (base 5) to base 14.
9
Convert -200000 (base 3) to base 11.
-402
Convert -442143 (base 5) to base 15.
-47ed
-295 (base 14) to base 11
-436
Convert 5332 (base 7) to base 12.
1111
What is 10011120 (base 3) in base 12?
1406
-5a8 (base 14) to base 2
-10001101000
What is -241302 (base 5) in base 6?
-105240
What is -1020 (base 5) in base 16?
-87
What is -544 (base 12) in base 13?
-475
What is -2312 (base 4) in base 15?
-c2
What is c70 (base 14) in base 9?
3322
3341 (base 6) to base 10
781
What is -4620 (base 11) in base 2?
-1011110111000
What is -1010101110111 (base 2) in base 15?
-1965
What is -8a2 (base 12) in base 14?
-670
1302 (base 4) to base 2
1110010
Convert -3ed (base 15) to base 12.
-62a
Convert 23db (base 15) to base 4.
1313033
24a (base 12) to base 7
1003
What is 8366 (base 11) in base 8?
25513
Convert 1111000001100 (base 2) to base 3.
101112220
3792 (base 10) to base 12
2240
Convert -1021 (base 7) to base 14.
-1b8
Convert -124 (base 7) to base 10.
-67
-1011422 (base 5) to base 7
-66032
What is 21301 (base 4) in base 10?
625
What is 13022 (base 9) in base 15?
28e8
1220010121 (base 3) to base 10
37276
What is -59 (base 16) in base 10?
-89
What is -363 (base 16) in base 3?
-1012010
Convert 133232 (base 4) to base 13.
c02
2250 (base 10) to base 2
100011001010
-315 (base 9) to base 3
-100112
Convert 521133 (base 7) to base 2.
10101110010100101
-66 (base 15) to base 2
-1100000
Convert 2332 (base 5) to base 16.
156
Convert 42640 (base 7) to base 5.
314422
What is -100a7 (base 12) in base 14?
-7863
3156 (base 8) to base 9
2228
What is -5b1 (base 13) in base 14?
-509
13202 (base 5) to base 15
4a2
517a1 (base 11) to base 9
124502
11261 (base 8) to base 9
6506
Convert -125055 (base 7) to base 6.
-300100
What is -3479 (base 13) in base 5?
-213432
Convert 0 (base 5) to base 16.
0
Convert -4411 (base 5) to base 9.
-743
What is -600 (base 9) in base 16?
-1e6
14140 (base 5) to base 12
816
Convert 24344 (base 5) to base 11.
1431
Convert 3467 (base 9) to base 13.
122b
-12330 (base 6) to base 12
-10a6
Convert 6243 (base 7) to base 6.
14043
What is 1ac (base 13) in base 11?
263
What is -4758 (base 9) in base 15?
-10ab
32164 (base 7) to base 3
101221201
4141 (base 5) to base 8
1042
What is 72 (base 16) in base 15?
79
What is -13422 (base 5) in base 10?
-1112
What is 11011110011 (base 2) in base 9?
2386
What is 616 (base 12) in base 13?
52b
2220120 (base 3) to base 8
4111
What is -203101 (base 4) in base 2?
-100011010001
What is 3206 (base 7) in base 5?
14013
1143 (base 8) to base 11
506
Convert -10012020 (base 3) to base 6.
-14440
Convert -3a2 (base 15) to base 7.
-2261
1a5 (base 16) to base 5
3141
Convert -307 (base 11) to base 3.
-111201
Convert -1214 (base 5) to base 9.
-224
What is -102143 (base 6) in base 16?
-204f
Convert 214341 (base 6) to base 8.
42665
2a0 (base 11) to base 14
1b2
Convert -1740 (base 13) to base 16.
-d68
Convert -1d0a (base 14) to base 10.
-5302
What is 515a (base 11) in base 14?
26c9
Convert -476 (base 10) to base 2.
-111011100
What is 2990 (base 10) in base 5?
43430
What is 88a (base 11) in base 8?
2052
Convert 3ae (base 15) to base 11.
6a3
What is 3315 (base 9) in base 7?
10061
Convert 11000100100010 (base 2) to base 7.
51446
Convert 457 (base 12) to base 2.
1010000011
73a (base 13) to base 15
572
What is -110021100 (base 3) in base 8?
-21362
2213 (base 6) to base 7
1332
2a6 (base 15) to base 12
426
Convert 1358 (base 16) to base 15.
1702
What is 48 (base 9) in base 14?
32
Convert -95 (base 14) to base 7.
-245
10020221 (base 4) to base 10
16937
Convert -3120312 (base 4) to base 15.
-41a3
23424 (base 9) to base 5
1000110
100122 (base 5) to base 6
22350
What is -7385 (base 13) in base 10?
-15995
Convert 623 (base 9) to base 6.
2203
What is -1a7ba (base 14) in base 12?
-33000
513 (base 9) to base 15
1cc
-1100100110000000 (base 2) to base 10
-51584
-37567 (base 8) to base 13
-751a
1101001010 (base 2) to base 15
3b2
3132 (base 10) to base 15
ddc
What is 55733 (base 9) in base 16?
90b7
25226 (base 7) to base 10
6635
2036 (base 13) to base 15
14ae
Convert -2413 (base 14) to base 5.
-200124
What is -147365 (base 8) in base 11?
-36895
3051 (base 6) to base 15
304
Convert -1201010 (base 4) to base 7.
-24053
Convert -1201 (base 3) to base 2.
-101110
31303 (base 4) to base 14
471
What is -723 (base 8) in base 9?
-568
Convert 0 (base 12) to base 16.
0
Convert 35414 (base 8) to base 12.
88b8
14773 (base 10) to base 2
11100110110101
Convert -11111221 (base 3) to base 13.
-1663
10021021200 (base 3) to base 15
14109
100211 (base 3) to base 8
411
What is -a263 (base 11) in base 13?
-627a
What is -141 (base 11) in base 7?
-325
What is -34232 (base 5) in base 9?
-3313
What is -2121 (base 7) in base 16?
-2ee
What is e97 (base 16) in base 8?
7227
-50970 (base 10) to base 5
-3112340
What is 3b4 (base 12) in base 7?
1441
What is -296 (base 12) in base 11?
-336
What is 311211 (base 5) in base 11?
7716
Wha